{"id":504,"date":"2020-06-05T13:57:34","date_gmt":"2020-06-05T11:57:34","guid":{"rendered":"https:\/\/sklad24.sk\/?page_id=504"},"modified":"2020-10-08T20:35:30","modified_gmt":"2020-10-08T18:35:30","slug":"lodny-kontajner","status":"publish","type":"page","link":"https:\/\/sklad24.sk\/index.php\/lodny-kontajner\/","title":{"rendered":"Pre\u010do kontajner?"},"content":{"rendered":"\t\t<div data-elementor-type=\"wp-page\" data-elementor-id=\"504\" class=\"elementor elementor-504\">\n\t\t\t\t\t\t<div class=\"elementor-inner\">\n\t\t\t\t<div class=\"elementor-section-wrap\">\n\t\t\t\t\t\t\t\t\t<section class=\"elementor-section elementor-top-section elementor-element elementor-element-9930718 elementor-section-boxed elementor-section-height-default elementor-section-height-default\" data-id=\"9930718\" data-element_type=\"section\">\n\t\t\t\t\t\t<div class=\"elementor-container elementor-column-gap-default\">\n\t\t\t\t\t\t\t<div class=\"elementor-row\">\n\t\t\t\t\t<div class=\"elementor-column elementor-col-100 elementor-top-column elementor-element elementor-element-768c6f9\" data-id=\"768c6f9\" data-element_type=\"column\">\n\t\t\t<div class=\"elementor-column-wrap elementor-element-populated\">\n\t\t\t\t\t\t\t<div class=\"elementor-widget-wrap\">\n\t\t\t\t\t\t<div class=\"elementor-element elementor-element-48c928f2 elementor-widget elementor-widget-heading\" data-id=\"48c928f2\" data-element_type=\"widget\" data-widget_type=\"heading.default\">\n\t\t\t\t<div class=\"elementor-widget-container\">\n\t\t\t<h2 class=\"elementor-heading-title elementor-size-default\">Pre\u010do pr\u00e1ve lodn\u00fd kontajner?<\/h2>\t\t<\/div>\n\t\t\t\t<\/div>\n\t\t\t\t\t\t<\/div>\n\t\t\t\t\t<\/div>\n\t\t<\/div>\n\t\t\t\t\t\t\t\t<\/div>\n\t\t\t\t\t<\/div>\n\t\t<\/section>\n\t\t\t\t<section class=\"elementor-section elementor-top-section elementor-element elementor-element-f28ea6d elementor-section-boxed elementor-section-height-default elementor-section-height-default\" data-id=\"f28ea6d\" data-element_type=\"section\">\n\t\t\t\t\t\t<div class=\"elementor-container elementor-column-gap-default\">\n\t\t\t\t\t\t\t<div class=\"elementor-row\">\n\t\t\t\t\t<div class=\"elementor-column elementor-col-100 elementor-top-column elementor-element elementor-element-513ae9d\" data-id=\"513ae9d\" data-element_type=\"column\">\n\t\t\t<div class=\"elementor-column-wrap elementor-element-populated\">\n\t\t\t\t\t\t\t<div class=\"elementor-widget-wrap\">\n\t\t\t\t\t\t<section class=\"elementor-section elementor-inner-section elementor-element elementor-element-be8862c elementor-section-boxed elementor-section-height-default elementor-section-height-default\" data-id=\"be8862c\" data-element_type=\"section\">\n\t\t\t\t\t\t<div class=\"elementor-container elementor-column-gap-default\">\n\t\t\t\t\t\t\t<div class=\"elementor-row\">\n\t\t\t\t\t<div class=\"elementor-column elementor-col-50 elementor-inner-column elementor-element elementor-element-2171ad5\" data-id=\"2171ad5\" data-element_type=\"column\">\n\t\t\t<div class=\"elementor-column-wrap elementor-element-populated\">\n\t\t\t\t\t\t\t<div class=\"elementor-widget-wrap\">\n\t\t\t\t\t\t<div class=\"elementor-element elementor-element-4abd04f elementor-widget elementor-widget-text-editor\" data-id=\"4abd04f\" data-element_type=\"widget\" data-widget_type=\"text-editor.default\">\n\t\t\t\t<div class=\"elementor-widget-container\">\n\t\t\t\t\t\t\t\t<div class=\"elementor-text-editor elementor-clearfix\">\n\t\t\t\t<p>M\u00e1 to svoje v\u00fdhody<\/p>\t\t\t\t\t<\/div>\n\t\t\t\t\t\t<\/div>\n\t\t\t\t<\/div>\n\t\t\t\t<div class=\"elementor-element elementor-element-17012e2e elementor-align-center elementor-icon-list--layout-traditional elementor-list-item-link-full_width elementor-widget elementor-widget-icon-list\" data-id=\"17012e2e\" data-element_type=\"widget\" data-widget_type=\"icon-list.default\">\n\t\t\t\t<div class=\"elementor-widget-container\">\n\t\t\t\t\t<ul class=\"elementor-icon-list-items\">\n\t\t\t\t\t\t\t<li class=\"elementor-icon-list-item\">\n\t\t\t\t\t\t\t\t\t\t<span class=\"elementor-icon-list-text\">Lodn\u00e9 kontajnery sa vyu\u017e\u00edvali hlavne v lodnej preprave, no \u013eudia v nich \u010dasom na\u0161li aj in\u00e9 vyu\u017eitie. T\u00e1to forma skladovacieho priestoru predstavuje lacn\u00fa alternat\u00edvu pre usklad\u0148ovanie vec\u00ed rozli\u010dn\u00e9ho druhu. V\u010faka tvrdej cortinovej oceli je pevn\u00fd a odoln\u00fd vo\u010di vonkaj\u0161\u00edm vplyvom. Kontajner je kon\u0161truk\u010dne rie\u0161en\u00fd tak \u017ee dok\u00e1\u017ee unies\u0165<b> 8 da\u013e\u0161\u00edch<\/b> kontajnerov na sebe pri\u010dom samotn\u00fd jeden kontajner m\u00e1 hmotnos\u0165 pribli\u017ene 4 tony. Podlaha uniesie <b>27 ton<\/b>, to znamen\u00e1 \u017ee m\u00e1 dostato\u010dn\u00fa nosn\u00fa kapacitu pre v\u0161etko \u010do potrebujete niekam ulo\u017ei\u0165.<\/span>\n\t\t\t\t\t\t\t\t\t<\/li>\n\t\t\t\t\t\t<\/ul>\n\t\t\t\t<\/div>\n\t\t\t\t<\/div>\n\t\t\t\t\t\t<\/div>\n\t\t\t\t\t<\/div>\n\t\t<\/div>\n\t\t\t\t<div class=\"elementor-column elementor-col-50 elementor-inner-column elementor-element elementor-element-2408af7\" data-id=\"2408af7\" data-element_type=\"column\">\n\t\t\t<div class=\"elementor-column-wrap elementor-element-populated\">\n\t\t\t\t\t\t\t<div class=\"elementor-widget-wrap\">\n\t\t\t\t\t\t<div class=\"elementor-element elementor-element-7bd55e37 elementor-widget elementor-widget-image\" data-id=\"7bd55e37\" data-element_type=\"widget\" data-widget_type=\"image.default\">\n\t\t\t\t<div class=\"elementor-widget-container\">\n\t\t\t\t\t\t\t\t<div class=\"elementor-image\">\n\t\t\t\t\t\t\t\t\t\t\t\t<img width=\"2560\" height=\"1920\" src=\"https:\/\/sklad24.sk\/wp-content\/uploads\/2020\/06\/IMG_20200519_125536-scaled.jpg\" class=\"attachment-full size-full\" alt=\"lodn\u00fd kontajner\" loading=\"lazy\" srcset=\"https:\/\/sklad24.sk\/wp-content\/uploads\/2020\/06\/IMG_20200519_125536-scaled.jpg 2560w, https:\/\/sklad24.sk\/wp-content\/uploads\/2020\/06\/IMG_20200519_125536-300x225.jpg 300w, https:\/\/sklad24.sk\/wp-content\/uploads\/2020\/06\/IMG_20200519_125536-1024x768.jpg 1024w, https:\/\/sklad24.sk\/wp-content\/uploads\/2020\/06\/IMG_20200519_125536-768x576.jpg 768w, https:\/\/sklad24.sk\/wp-content\/uploads\/2020\/06\/IMG_20200519_125536-1536x1152.jpg 1536w, https:\/\/sklad24.sk\/wp-content\/uploads\/2020\/06\/IMG_20200519_125536-2048x1536.jpg 2048w\" sizes=\"(max-width: 2560px) 100vw, 2560px\" \/>\t\t\t\t\t\t\t\t\t\t\t\t\t\t<\/div>\n\t\t\t\t\t\t<\/div>\n\t\t\t\t<\/div>\n\t\t\t\t\t\t<\/div>\n\t\t\t\t\t<\/div>\n\t\t<\/div>\n\t\t\t\t\t\t\t\t<\/div>\n\t\t\t\t\t<\/div>\n\t\t<\/section>\n\t\t\t\t\t\t<\/div>\n\t\t\t\t\t<\/div>\n\t\t<\/div>\n\t\t\t\t\t\t\t\t<\/div>\n\t\t\t\t\t<\/div>\n\t\t<\/section>\n\t\t\t\t<section class=\"elementor-section elementor-top-section elementor-element elementor-element-3e47eb9 elementor-section-stretched elementor-section-boxed elementor-section-height-default elementor-section-height-default\" data-id=\"3e47eb9\" data-element_type=\"section\" data-settings=\"{&quot;stretch_section&quot;:&quot;section-stretched&quot;,&quot;background_background&quot;:&quot;classic&quot;}\">\n\t\t\t\t\t\t<div class=\"elementor-container elementor-column-gap-default\">\n\t\t\t\t\t\t\t<div class=\"elementor-row\">\n\t\t\t\t\t<div class=\"elementor-column elementor-col-100 elementor-top-column elementor-element elementor-element-b531bd4\" data-id=\"b531bd4\" data-element_type=\"column\">\n\t\t\t<div class=\"elementor-column-wrap elementor-element-populated\">\n\t\t\t\t\t\t\t<div class=\"elementor-widget-wrap\">\n\t\t\t\t\t\t<div class=\"elementor-element elementor-element-d979681 elementor-widget elementor-widget-spacer\" data-id=\"d979681\" data-element_type=\"widget\" data-widget_type=\"spacer.default\">\n\t\t\t\t<div class=\"elementor-widget-container\">\n\t\t\t\t\t<div class=\"elementor-spacer\">\n\t\t\t<div class=\"elementor-spacer-inner\"><\/div>\n\t\t<\/div>\n\t\t\t\t<\/div>\n\t\t\t\t<\/div>\n\t\t\t\t<div class=\"elementor-element elementor-element-ea76540 elementor-widget elementor-widget-heading\" data-id=\"ea76540\" data-element_type=\"widget\" data-widget_type=\"heading.default\">\n\t\t\t\t<div class=\"elementor-widget-container\">\n\t\t\t<h2 class=\"elementor-heading-title elementor-size-default\">Kon\u0161trukcia <\/h2>\t\t<\/div>\n\t\t\t\t<\/div>\n\t\t\t\t<section class=\"elementor-section elementor-inner-section elementor-element elementor-element-0653d71 elementor-section-boxed elementor-section-height-default elementor-section-height-default\" data-id=\"0653d71\" data-element_type=\"section\">\n\t\t\t\t\t\t<div class=\"elementor-container elementor-column-gap-default\">\n\t\t\t\t\t\t\t<div class=\"elementor-row\">\n\t\t\t\t\t<div class=\"elementor-column elementor-col-50 elementor-inner-column elementor-element elementor-element-1631574\" data-id=\"1631574\" data-element_type=\"column\">\n\t\t\t<div class=\"elementor-column-wrap elementor-element-populated\">\n\t\t\t\t\t\t\t<div class=\"elementor-widget-wrap\">\n\t\t\t\t\t\t<div class=\"elementor-element elementor-element-a976252 elementor-widget elementor-widget-image\" data-id=\"a976252\" data-element_type=\"widget\" data-widget_type=\"image.default\">\n\t\t\t\t<div class=\"elementor-widget-container\">\n\t\t\t\t\t\t\t\t<div class=\"elementor-image\">\n\t\t\t\t\t\t\t\t\t\t\t\t<img src=\"https:\/\/sklad24.sk\/wp-content\/uploads\/2019\/11\/container-4386213_960_720-1.png\" title=\"\" alt=\"\" \/>\t\t\t\t\t\t\t\t\t\t\t\t\t\t<\/div>\n\t\t\t\t\t\t<\/div>\n\t\t\t\t<\/div>\n\t\t\t\t<div class=\"elementor-element elementor-element-156885e elementor-align-center elementor-icon-list--layout-traditional elementor-list-item-link-full_width elementor-widget elementor-widget-icon-list\" data-id=\"156885e\" data-element_type=\"widget\" data-widget_type=\"icon-list.default\">\n\t\t\t\t<div class=\"elementor-widget-container\">\n\t\t\t\t\t<ul class=\"elementor-icon-list-items\">\n\t\t\t\t\t\t\t<li class=\"elementor-icon-list-item\">\n\t\t\t\t\t\t\t\t\t\t<span class=\"elementor-icon-list-text\">Oce\u013eov\u00e9 r\u00e1my lodn\u00e9ho kontajnera s\u00fa vyroben\u00e9 zo zv\u00e1ranej valcovej dutej oceli. Podlaha kontajneru tvoria usporiadan\u00e9 dut\u00e9 nosn\u00edky, ktor\u00e9 s\u00fa pokryt\u00e9  pozinkovan\u00fdm ryhovan\u00fdm plechom. Na plechu je polo\u017een\u00e1 dreven\u00e1 podlaha z impregnovan\u00fdch preglejov\u00fdch dosiek. Kontajnerov\u00e9 dvere s\u00fa tvoren\u00e9 z dvoch kr\u00eddiel  so \u0161tyrmi tiahlami. Kontajner je mo\u017en\u00e9 zabezpe\u010di\u0165 a\u017e \u0161tyrmi vysiacimi z\u00e1mkami alebo bezpe\u010dnostnou plombou. <\/span>\n\t\t\t\t\t\t\t\t\t<\/li>\n\t\t\t\t\t\t<\/ul>\n\t\t\t\t<\/div>\n\t\t\t\t<\/div>\n\t\t\t\t\t\t<\/div>\n\t\t\t\t\t<\/div>\n\t\t<\/div>\n\t\t\t\t<div class=\"elementor-column elementor-col-50 elementor-inner-column elementor-element elementor-element-acf71b7\" data-id=\"acf71b7\" data-element_type=\"column\">\n\t\t\t<div class=\"elementor-column-wrap elementor-element-populated\">\n\t\t\t\t\t\t\t<div class=\"elementor-widget-wrap\">\n\t\t\t\t\t\t<div class=\"elementor-element elementor-element-372c8a28 elementor-view-default elementor-vertical-align-top elementor-widget elementor-widget-icon-box\" data-id=\"372c8a28\" data-element_type=\"widget\" data-widget_type=\"icon-box.default\">\n\t\t\t\t<div class=\"elementor-widget-container\">\n\t\t\t\t\t<div class=\"elementor-icon-box-wrapper\">\n\t\t\t\t\t\t<div class=\"elementor-icon-box-content\">\n\t\t\t\t<h3 class=\"elementor-icon-box-title\">\n\t\t\t\t\t<span  >\n\t\t\t\t\t\tNosnos\u0165 podlahy\t\t\t\t\t<\/span>\n\t\t\t\t<\/h3>\n\t\t\t\t\t\t\t\t\t<p class=\"elementor-icon-box-description\">\n\t\t\t\t\t\t27 ton\t\t\t\t\t<\/p>\n\t\t\t\t\t\t\t<\/div>\n\t\t<\/div>\n\t\t\t\t<\/div>\n\t\t\t\t<\/div>\n\t\t\t\t<div class=\"elementor-element elementor-element-6902f6bf elementor-view-default elementor-vertical-align-top elementor-widget elementor-widget-icon-box\" data-id=\"6902f6bf\" data-element_type=\"widget\" data-widget_type=\"icon-box.default\">\n\t\t\t\t<div class=\"elementor-widget-container\">\n\t\t\t\t\t<div class=\"elementor-icon-box-wrapper\">\n\t\t\t\t\t\t<div class=\"elementor-icon-box-content\">\n\t\t\t\t<h3 class=\"elementor-icon-box-title\">\n\t\t\t\t\t<span  >\n\t\t\t\t\t\tHr\u00fabka valcov\u00e9ho oce\u013eov\u00e9ho plechu\t\t\t\t\t<\/span>\n\t\t\t\t<\/h3>\n\t\t\t\t\t\t\t\t\t<p class=\"elementor-icon-box-description\">\n\t\t\t\t\t\t3 mm\t\t\t\t\t<\/p>\n\t\t\t\t\t\t\t<\/div>\n\t\t<\/div>\n\t\t\t\t<\/div>\n\t\t\t\t<\/div>\n\t\t\t\t<div class=\"elementor-element elementor-element-2dd8882b elementor-view-default elementor-vertical-align-top elementor-widget elementor-widget-icon-box\" data-id=\"2dd8882b\" data-element_type=\"widget\" data-widget_type=\"icon-box.default\">\n\t\t\t\t<div class=\"elementor-widget-container\">\n\t\t\t\t\t<div class=\"elementor-icon-box-wrapper\">\n\t\t\t\t\t\t<div class=\"elementor-icon-box-content\">\n\t\t\t\t<h3 class=\"elementor-icon-box-title\">\n\t\t\t\t\t<span  >\n\t\t\t\t\t\tv\u00e1ha lodn\u00e9ho kontajneru \t\t\t\t\t<\/span>\n\t\t\t\t<\/h3>\n\t\t\t\t\t\t\t\t\t<p class=\"elementor-icon-box-description\">\n\t\t\t\t\t\tpribli\u017ene 4 tony \t\t\t\t\t<\/p>\n\t\t\t\t\t\t\t<\/div>\n\t\t<\/div>\n\t\t\t\t<\/div>\n\t\t\t\t<\/div>\n\t\t\t\t<div class=\"elementor-element elementor-element-e164713 elementor-view-default elementor-vertical-align-top elementor-widget elementor-widget-icon-box\" data-id=\"e164713\" data-element_type=\"widget\" data-widget_type=\"icon-box.default\">\n\t\t\t\t<div class=\"elementor-widget-container\">\n\t\t\t\t\t<div class=\"elementor-icon-box-wrapper\">\n\t\t\t\t\t\t<div class=\"elementor-icon-box-content\">\n\t\t\t\t<h3 class=\"elementor-icon-box-title\">\n\t\t\t\t\t<span  >\n\t\t\t\t\t\tHr\u00fabka profilovan\u00e9ho oce\u013eoveho plechu\t\t\t\t\t<\/span>\n\t\t\t\t<\/h3>\n\t\t\t\t\t\t\t\t\t<p class=\"elementor-icon-box-description\">\n\t\t\t\t\t\t1,5 - 2 mm\t\t\t\t\t<\/p>\n\t\t\t\t\t\t\t<\/div>\n\t\t<\/div>\n\t\t\t\t<\/div>\n\t\t\t\t<\/div>\n\t\t\t\t<div class=\"elementor-element elementor-element-d518e27 elementor-view-default elementor-vertical-align-top elementor-widget elementor-widget-icon-box\" data-id=\"d518e27\" data-element_type=\"widget\" data-widget_type=\"icon-box.default\">\n\t\t\t\t<div class=\"elementor-widget-container\">\n\t\t\t\t\t<div class=\"elementor-icon-box-wrapper\">\n\t\t\t\t\t\t<div class=\"elementor-icon-box-content\">\n\t\t\t\t<h3 class=\"elementor-icon-box-title\">\n\t\t\t\t\t<span  >\n\t\t\t\t\t\tPozinkovan\u00fd podlahov\u00fd ro\u0161t\t\t\t\t\t<\/span>\n\t\t\t\t<\/h3>\n\t\t\t\t\t\t\t\t\t<p class=\"elementor-icon-box-description\">\n\t\t\t\t\t\t4 mm\t\t\t\t\t<\/p>\n\t\t\t\t\t\t\t<\/div>\n\t\t<\/div>\n\t\t\t\t<\/div>\n\t\t\t\t<\/div>\n\t\t\t\t<div class=\"elementor-element elementor-element-880950a elementor-view-default elementor-vertical-align-top elementor-widget elementor-widget-icon-box\" data-id=\"880950a\" data-element_type=\"widget\" data-widget_type=\"icon-box.default\">\n\t\t\t\t<div class=\"elementor-widget-container\">\n\t\t\t\t\t<div class=\"elementor-icon-box-wrapper\">\n\t\t\t\t\t\t<div class=\"elementor-icon-box-content\">\n\t\t\t\t<h3 class=\"elementor-icon-box-title\">\n\t\t\t\t\t<span  >\n\t\t\t\t\t\tHr\u00fabka drevenej podlahy\t\t\t\t\t<\/span>\n\t\t\t\t<\/h3>\n\t\t\t\t\t\t\t\t\t<p class=\"elementor-icon-box-description\">\n\t\t\t\t\t\t22 - 25 mm\t\t\t\t\t<\/p>\n\t\t\t\t\t\t\t<\/div>\n\t\t<\/div>\n\t\t\t\t<\/div>\n\t\t\t\t<\/div>\n\t\t\t\t\t\t<\/div>\n\t\t\t\t\t<\/div>\n\t\t<\/div>\n\t\t\t\t\t\t\t\t<\/div>\n\t\t\t\t\t<\/div>\n\t\t<\/section>\n\t\t\t\t\t\t<\/div>\n\t\t\t\t\t<\/div>\n\t\t<\/div>\n\t\t\t\t\t\t\t\t<\/div>\n\t\t\t\t\t<\/div>\n\t\t<\/section>\n\t\t\t\t<section class=\"elementor-section elementor-top-section elementor-element elementor-element-4c7aa66 elementor-section-boxed elementor-section-height-default elementor-section-height-default\" data-id=\"4c7aa66\" data-element_type=\"section\">\n\t\t\t\t\t\t<div class=\"elementor-container elementor-column-gap-default\">\n\t\t\t\t\t\t\t<div class=\"elementor-row\">\n\t\t\t\t\t<div class=\"elementor-column elementor-col-100 elementor-top-column elementor-element elementor-element-f969a60\" data-id=\"f969a60\" data-element_type=\"column\">\n\t\t\t<div class=\"elementor-column-wrap elementor-element-populated\">\n\t\t\t\t\t\t\t<div class=\"elementor-widget-wrap\">\n\t\t\t\t\t\t<div class=\"elementor-element elementor-element-4134e35 elementor-widget elementor-widget-text-editor\" data-id=\"4134e35\" data-element_type=\"widget\" data-widget_type=\"text-editor.default\">\n\t\t\t\t<div class=\"elementor-widget-container\">\n\t\t\t\t\t\t\t\t<div class=\"elementor-text-editor elementor-clearfix\">\n\t\t\t\t<p>Viac inform\u00e1ci\u00ed o na\u0161om are\u00e1li sa dozviete v sekci\u00ed<a href=\"https:\/\/sklad24.sk\/\"><b> ponuka<\/b><\/a><\/p>\t\t\t\t\t<\/div>\n\t\t\t\t\t\t<\/div>\n\t\t\t\t<\/div>\n\t\t\t\t\t\t<\/div>\n\t\t\t\t\t<\/div>\n\t\t<\/div>\n\t\t\t\t\t\t\t\t<\/div>\n\t\t\t\t\t<\/div>\n\t\t<\/section>\n\t\t\t\t\t\t\t\t\t<\/div>\n\t\t\t<\/div>\n\t\t\t\t\t<\/div>\n\t\t","protected":false},"excerpt":{"rendered":"<p>Pre\u010do pr\u00e1ve lodn\u00fd kontajner? M\u00e1 to svoje v\u00fdhody Lodn\u00e9 kontajnery sa vyu\u017e\u00edvali hlavne v lodnej preprave, no \u013eudia v nich \u010dasom na\u0161li aj in\u00e9 vyu\u017eitie. T\u00e1to forma skladovacieho priestoru predstavuje lacn\u00fa alternat\u00edvu pre usklad\u0148ovanie vec\u00ed rozli\u010dn\u00e9ho druhu. V\u010faka tvrdej cortinovej oceli je pevn\u00fd a odoln\u00fd vo\u010di vonkaj\u0161\u00edm vplyvom. Kontajner je kon\u0161truk\u010dne rie\u0161en\u00fd tak \u017ee dok\u00e1\u017ee [&hellip;]<\/p>\n","protected":false},"author":1,"featured_media":0,"parent":0,"menu_order":0,"comment_status":"closed","ping_status":"closed","template":"","meta":[],"yoast_head":"<!-- This site is optimized with the Yoast SEO plugin v18.2 - https:\/\/yoast.com\/wordpress\/plugins\/seo\/ -->\n<title>Pre\u010do kontajner? - Sklad 24<\/title>\n<meta name=\"description\" content=\"Sklad24 porn\u00faka pren\u00e1jom lodn\u00fdch kontajnerov. N\u00e1\u0161 Lodn\u00fd Kontajner je tvoren\u00fd kvalitnou oce\u013eou ktor\u00e1 dobre odol\u00e1va poveternostn\u00fdm podmienkam.\" \/>\n<meta name=\"robots\" content=\"index, follow, max-snippet:-1, max-image-preview:large, max-video-preview:-1\" \/>\n<link rel=\"canonical\" href=\"https:\/\/sklad24.sk\/index.php\/lodny-kontajner\/\" \/>\n<meta property=\"og:locale\" content=\"sk_SK\" \/>\n<meta property=\"og:type\" content=\"article\" \/>\n<meta property=\"og:title\" content=\"Pre\u010do kontajner? - Sklad 24\" \/>\n<meta property=\"og:description\" content=\"Sklad24 porn\u00faka pren\u00e1jom lodn\u00fdch kontajnerov. N\u00e1\u0161 Lodn\u00fd Kontajner je tvoren\u00fd kvalitnou oce\u013eou ktor\u00e1 dobre odol\u00e1va poveternostn\u00fdm podmienkam.\" \/>\n<meta property=\"og:url\" content=\"https:\/\/sklad24.sk\/index.php\/lodny-kontajner\/\" \/>\n<meta property=\"og:site_name\" content=\"Sklad 24\" \/>\n<meta property=\"article:modified_time\" content=\"2020-10-08T18:35:30+00:00\" \/>\n<meta property=\"og:image\" content=\"https:\/\/sklad24.sk\/wp-content\/uploads\/2020\/06\/IMG_20200519_125536-scaled.jpg\" \/>\n<meta name=\"twitter:card\" content=\"summary_large_image\" \/>\n<meta name=\"twitter:label1\" content=\"Predpokladan\u00fd \u010das \u010d\u00edtania\" \/>\n\t<meta name=\"twitter:data1\" content=\"1 min\u00fata\" \/>\n<script type=\"application\/ld+json\" class=\"yoast-schema-graph\">{\"@context\":\"https:\/\/schema.org\",\"@graph\":[{\"@type\":\"WebSite\",\"@id\":\"https:\/\/sklad24.sk\/#website\",\"url\":\"https:\/\/sklad24.sk\/\",\"name\":\"Sklad 24\",\"description\":\"V\u00e1\u0161 \u00falo\u017en\u00fd priestor\",\"potentialAction\":[{\"@type\":\"SearchAction\",\"target\":{\"@type\":\"EntryPoint\",\"urlTemplate\":\"https:\/\/sklad24.sk\/?s={search_term_string}\"},\"query-input\":\"required name=search_term_string\"}],\"inLanguage\":\"sk-SK\"},{\"@type\":\"ImageObject\",\"@id\":\"https:\/\/sklad24.sk\/index.php\/lodny-kontajner\/#primaryimage\",\"inLanguage\":\"sk-SK\",\"url\":\"https:\/\/sklad24.sk\/wp-content\/uploads\/2020\/06\/IMG_20200519_125536-scaled.jpg\",\"contentUrl\":\"https:\/\/sklad24.sk\/wp-content\/uploads\/2020\/06\/IMG_20200519_125536-scaled.jpg\",\"width\":2560,\"height\":1920,\"caption\":\"lodn\u00fd kontajner\"},{\"@type\":\"WebPage\",\"@id\":\"https:\/\/sklad24.sk\/index.php\/lodny-kontajner\/#webpage\",\"url\":\"https:\/\/sklad24.sk\/index.php\/lodny-kontajner\/\",\"name\":\"Pre\u010do kontajner? - Sklad 24\",\"isPartOf\":{\"@id\":\"https:\/\/sklad24.sk\/#website\"},\"primaryImageOfPage\":{\"@id\":\"https:\/\/sklad24.sk\/index.php\/lodny-kontajner\/#primaryimage\"},\"datePublished\":\"2020-06-05T11:57:34+00:00\",\"dateModified\":\"2020-10-08T18:35:30+00:00\",\"description\":\"Sklad24 porn\u00faka pren\u00e1jom lodn\u00fdch kontajnerov. N\u00e1\u0161 Lodn\u00fd Kontajner je tvoren\u00fd kvalitnou oce\u013eou ktor\u00e1 dobre odol\u00e1va poveternostn\u00fdm podmienkam.\",\"breadcrumb\":{\"@id\":\"https:\/\/sklad24.sk\/index.php\/lodny-kontajner\/#breadcrumb\"},\"inLanguage\":\"sk-SK\",\"potentialAction\":[{\"@type\":\"ReadAction\",\"target\":[\"https:\/\/sklad24.sk\/index.php\/lodny-kontajner\/\"]}]},{\"@type\":\"BreadcrumbList\",\"@id\":\"https:\/\/sklad24.sk\/index.php\/lodny-kontajner\/#breadcrumb\",\"itemListElement\":[{\"@type\":\"ListItem\",\"position\":1,\"name\":\"Home\",\"item\":\"https:\/\/sklad24.sk\/\"},{\"@type\":\"ListItem\",\"position\":2,\"name\":\"Pre\u010do kontajner?\"}]}]}<\/script>\n<!-- \/ Yoast SEO plugin. -->","yoast_head_json":{"title":"Pre\u010do kontajner? - Sklad 24","description":"Sklad24 porn\u00faka pren\u00e1jom lodn\u00fdch kontajnerov. N\u00e1\u0161 Lodn\u00fd Kontajner je tvoren\u00fd kvalitnou oce\u013eou ktor\u00e1 dobre odol\u00e1va poveternostn\u00fdm podmienkam.","robots":{"index":"index","follow":"follow","max-snippet":"max-snippet:-1","max-image-preview":"max-image-preview:large","max-video-preview":"max-video-preview:-1"},"canonical":"https:\/\/sklad24.sk\/index.php\/lodny-kontajner\/","og_locale":"sk_SK","og_type":"article","og_title":"Pre\u010do kontajner? - Sklad 24","og_description":"Sklad24 porn\u00faka pren\u00e1jom lodn\u00fdch kontajnerov. N\u00e1\u0161 Lodn\u00fd Kontajner je tvoren\u00fd kvalitnou oce\u013eou ktor\u00e1 dobre odol\u00e1va poveternostn\u00fdm podmienkam.","og_url":"https:\/\/sklad24.sk\/index.php\/lodny-kontajner\/","og_site_name":"Sklad 24","article_modified_time":"2020-10-08T18:35:30+00:00","og_image":[{"url":"https:\/\/sklad24.sk\/wp-content\/uploads\/2020\/06\/IMG_20200519_125536-scaled.jpg"}],"twitter_card":"summary_large_image","twitter_misc":{"Predpokladan\u00fd \u010das \u010d\u00edtania":"1 min\u00fata"},"schema":{"@context":"https:\/\/schema.org","@graph":[{"@type":"WebSite","@id":"https:\/\/sklad24.sk\/#website","url":"https:\/\/sklad24.sk\/","name":"Sklad 24","description":"V\u00e1\u0161 \u00falo\u017en\u00fd priestor","potentialAction":[{"@type":"SearchAction","target":{"@type":"EntryPoint","urlTemplate":"https:\/\/sklad24.sk\/?s={search_term_string}"},"query-input":"required name=search_term_string"}],"inLanguage":"sk-SK"},{"@type":"ImageObject","@id":"https:\/\/sklad24.sk\/index.php\/lodny-kontajner\/#primaryimage","inLanguage":"sk-SK","url":"https:\/\/sklad24.sk\/wp-content\/uploads\/2020\/06\/IMG_20200519_125536-scaled.jpg","contentUrl":"https:\/\/sklad24.sk\/wp-content\/uploads\/2020\/06\/IMG_20200519_125536-scaled.jpg","width":2560,"height":1920,"caption":"lodn\u00fd kontajner"},{"@type":"WebPage","@id":"https:\/\/sklad24.sk\/index.php\/lodny-kontajner\/#webpage","url":"https:\/\/sklad24.sk\/index.php\/lodny-kontajner\/","name":"Pre\u010do kontajner? - Sklad 24","isPartOf":{"@id":"https:\/\/sklad24.sk\/#website"},"primaryImageOfPage":{"@id":"https:\/\/sklad24.sk\/index.php\/lodny-kontajner\/#primaryimage"},"datePublished":"2020-06-05T11:57:34+00:00","dateModified":"2020-10-08T18:35:30+00:00","description":"Sklad24 porn\u00faka pren\u00e1jom lodn\u00fdch kontajnerov. N\u00e1\u0161 Lodn\u00fd Kontajner je tvoren\u00fd kvalitnou oce\u013eou ktor\u00e1 dobre odol\u00e1va poveternostn\u00fdm podmienkam.","breadcrumb":{"@id":"https:\/\/sklad24.sk\/index.php\/lodny-kontajner\/#breadcrumb"},"inLanguage":"sk-SK","potentialAction":[{"@type":"ReadAction","target":["https:\/\/sklad24.sk\/index.php\/lodny-kontajner\/"]}]},{"@type":"BreadcrumbList","@id":"https:\/\/sklad24.sk\/index.php\/lodny-kontajner\/#breadcrumb","itemListElement":[{"@type":"ListItem","position":1,"name":"Home","item":"https:\/\/sklad24.sk\/"},{"@type":"ListItem","position":2,"name":"Pre\u010do kontajner?"}]}]}},"_links":{"self":[{"href":"https:\/\/sklad24.sk\/index.php\/wp-json\/wp\/v2\/pages\/504"}],"collection":[{"href":"https:\/\/sklad24.sk\/index.php\/wp-json\/wp\/v2\/pages"}],"about":[{"href":"https:\/\/sklad24.sk\/index.php\/wp-json\/wp\/v2\/types\/page"}],"author":[{"embeddable":true,"href":"https:\/\/sklad24.sk\/index.php\/wp-json\/wp\/v2\/users\/1"}],"replies":[{"embeddable":true,"href":"https:\/\/sklad24.sk\/index.php\/wp-json\/wp\/v2\/comments?post=504"}],"version-history":[{"count":22,"href":"https:\/\/sklad24.sk\/index.php\/wp-json\/wp\/v2\/pages\/504\/revisions"}],"predecessor-version":[{"id":675,"href":"https:\/\/sklad24.sk\/index.php\/wp-json\/wp\/v2\/pages\/504\/revisions\/675"}],"wp:attachment":[{"href":"https:\/\/sklad24.sk\/index.php\/wp-json\/wp\/v2\/media?parent=504"}],"curies":[{"name":"wp","href":"https:\/\/api.w.org\/{rel}","templated":true}]}}